590 = 3*p - 160. Suppose 3*s + 196 = 754. What is the highest common divisor of s and p?
62
Suppose -11*v + 3035 = 934. Let o = -179 + v. Calculate the greatest common factor of 18 and o.
6
Let z be 6/(-14) - 38/(-7). Suppose 0 = -2*h + 3*g + 77, h + g - 17 = 9. Let b = 46 - h. Calculate the greatest common factor of z and b.
5
Let y(k) = 2*k**3 - 2*k**2 + 154*k + 965. Let q be y(0). What is the greatest common factor of 20 and q?
5
Let j be 27*-5*56/126*-3. What is the greatest common divisor of 24 and j?
12
Suppose 744 = 9*d - 5*k, 5*d - 2*k = 9*d - 318. Calculate the greatest common divisor of 2 and d.
1
Let y(r) = -6*r + 12. Let g be y(4). Let d be (-12)/10*(g - 2328/16). What is the greatest common factor of d and 7?
7
Suppose 5*y = 4*w - 1622, 4*w - 4*y + 244 = 1868. Let o(m) = m**2 - 46*m + 180. Let r be o(43). Calculate the highest common divisor of w and r.
51
Let i(r) = -61*r - 41. Let y be i(-19). Calculate the highest common divisor of 13 and y.
13
Suppose 0 = 6*n - 2185 + 2041. What is the highest common factor of 1044 and n?
12
Let r be 2 + ((-38)/19 - (-4)/5)*-185. Calculate the highest common divisor of r and 728.
56
Suppose -5*v - 7 = -27. Let y be (2 - v) + (15 - -19). What is the highest common divisor of 8 and y?
8
Let t(n) = -n**3 - 3*n**2 + 4*n + 3. Let u be t(-4). Let m = -1657 - -2818. Let z = m + -1149. What is the highest common divisor of u and z?
3
Let m = -1404 + 3021. What is the greatest common divisor of m and 84?
21
Let m(t) = -4*t - 10 - 3 - 14*t + 4 + 3*t. Let v be m(-1). Calculate the highest common divisor of 726 and v.
6
Let k be (10830/(-270) - -40)*-225. Let b be (30/9)/((-4)/(-6)). What is the greatest common divisor of b and k?
5
Let r = 25404 + -19858. What is the greatest common divisor of 295 and r?
59
Let u = -6785 + 6873. What is the highest common divisor of u and 5302?
22
Suppose -t - 23 = -3*h - 2*t, 0 = 4*t + 16. Suppose -h*k = -31*k + 1496. Calculate the highest common factor of 2 and k.
2
Let f be (-48)/((-13)/14 - (-36)/(-63)). What is the highest common divisor of 1784 and f?
8
Let o be (-315)/18*(-160)/14. Suppose 0 = -4*g - 6*g + o. What is the greatest common divisor of 4 and g?
4
Let k = -109304 + 110046. Let u(x) = -3*x**3 - 4*x**2 + 5*x - 2. Let t be u(-4). Calculate the greatest common divisor of k and t.
106
Let i = 0 - -12. Let z be -1 - (-49 - (-10 + -2)). Calculate the greatest common divisor of z and i.
12
Suppose -608 = 546*b - 550*b. What is the greatest common factor of b and 646?
38
Let n = -3932 - -4222. What is the highest common factor of 12035 and n?
145
Let z(h) = -20*h**2 + 477*h - 27. Let w be z(19). What is the greatest common factor of w and 8?
8
Let a(g) = 142*g + 17. Let s be (-12)/(-2*(-5 - (-8 - -2))). Let c be a(s). What is the highest common factor of c and 79?
79
Suppose -7*f + 17*f + 700 = 0. Let i = -59 - f. Suppose 0 = -13*t + i*t + 2. What is the greatest common factor of t and 14?
1
Let f = -60 - -84. Suppose -4*o + 15*s = 30, -2*o - s + 1501 - 1465 = 0. What is the greatest common factor of o and f?
3
Let h = 26 - 20. Suppose -2*a = 2*a + 124. Let l = -16 - a. What is the highest common factor of h and l?
3
Let s be 5/60*3*(-2 - -30). Suppose s*j = 9064 + 1604. Calculate the highest common divisor of 12 and j.
12
Suppose 0 = 288*d - 291*d + 24. Let q(j) = -6*j + 72. Let w be q(d). What is the highest common divisor of 72 and w?
24
Let f = 81239 + -80771. Let p = 62 + 42. What is the greatest common divisor of p and f?
52
Suppose -3*q + 3*k = 3, 3*q - k = -11 + 2. Let d(l) = l**2 - 21*l - 98. Let h be d(q). Suppose 2*m = 9 + 1. What is the highest common divisor of m and h?
1
Suppose 2*m - 1063 = -3*c, -7*c + 3*c + 1436 = -2*m. Suppose 16*q = -q + c. What is the highest common divisor of 18 and q?
3
Suppose -77*q + 79*q = -5*u + 29, -q - 4*u = -10. What is the highest common divisor of q and 3454?
22
Let r be (54/1008*14)/(2/8). Let p(k) = 58*k**2 + 2*k + 1. Let s be p(-1). Calculate the highest common divisor of s and r.
3
Let d be ((-82)/6 - 0)*-3. Let b(n) = n**3 + 8*n**2 - 15*n + 98. Let r be b(-10). Let s = r - d. Calculate the highest common divisor of s and 49.
7
Let x = -124 - 9. Let g = x - -176. Calculate the highest common divisor of g and 129.
43
Let c(n) = -n + 7. Let d be c(6). Suppose 0 = -6*r + 15 + 15. Suppose -t - 12 = q - r*t, 5*t = 5*q. Calculate the greatest common factor of d and q.
1
Let x(g) = -120*g + 216. Let o be x(-3). Calculate the highest common divisor of 9 and o.
9
Suppose 5*r - 1875 = 530. Let u = r + -473. What is the greatest common factor of 3 and u?
1
Suppose 45240 = 255*s - 177*s. What is the greatest common divisor of s and 180?
20
Suppose 20 = 5*v + 3*q + 3, q = 4*v - 17. Let n = 47 - 1. What is the highest common factor of n and v?
2
Let g be (2/(-2) - 1)/(36/3402). Let a be (-1)/(6/g)*(-20 + 22). Calculate the highest common factor of a and 117.
9
Let w = 13014 - 11994. What is the greatest common factor of w and 240?
60
Let b(c) = c**3 + 43*c**2 + 96*c + 308. Let s be b(-41). Let f be (-344 + 0)*(-5)/(-10). Let t = f - s. Calculate the greatest common factor of 47 and t.
47
Suppose a = 3*r - 478, 652 = 11*r - 7*r - 5*a. What is the greatest common divisor of r and 2133?
79
Suppose -2*q = 3*k + 6, -3*k = 5*q + 26 - 11. Suppose -2*w + k = -6. Suppose -w*m = -6*m + 33. Calculate the greatest common factor of 44 and m.
11
Let p(d) = 3*d**3. Let x be p(1). Let m be (12/(-20))/((-2)/240). Calculate the highest common divisor of x and m.
3
Suppose -41*d - 37243 + 156153 = 14*d. Calculate the greatest common factor of d and 470.
94
Suppose 0 = -4*x + 3*n + 17, 2*x + 4*n = 3*x - 1. Suppose -6*p = 6*p - 13*p + 15. What is the highest common factor of x and p?
5
Suppose 0 = -u + 149 + 28. Suppose 2*x = 6*x + 3*m - u, 2*x - 81 = -3*m. Suppose -5*p + x = 3. Calculate the greatest common factor of p and 9.
9
Let d(t) = -217*t + 1799. Let j be d(8). Let h(g) = 3*g**3 - 3*g**2 - 6*g + 3. Let i be h(5). Calculate the greatest common factor of j and i.
21
Let t(g) = 26*g**3 - g + 26*g**2 + 58 + 38*g**3 - 63*g**3. Let f be t(-26). Calculate the greatest common divisor of 378 and f.
42
Let c(t) = -4 + 7*t + 3*t**2 + 11*t**2 + 20 + 7 + 10*t. Let u be c(-6). What is the highest common divisor of 17 and u?
17
Let o be 9/(3 - (-230)/(-75)). Let k be 12/9*o/(-36). Suppose -n - 3*p + 121 = 0, 15 = -k*p - 0*p. What is the highest common factor of 52 and n?
26
Let c be (2/(-5))/((-4)/60)*21. Suppose -3*y - 5*v - 203 = 0, -2*y + 4*y + c = -v. Let o = 66 + y. What is the highest common factor of 35 and o?
5
Let r = 3763 - 3371. Calculate the greatest common divisor of r and 8.
8
Let k(d) = 74*d**2 + 3016*d - 68. Let f be k(-47). What is the greatest common divisor of f and 158?
158
Suppose 15*i - 58 - 32 = 0. Let b be 124/93 + 88/i. Suppose -5*o = -4*n - 420, -3*n = -2*o + n + 180. What is the highest common divisor of o and b?
16
Let n(f) = -752*f - 8830. Let q be n(-12). What is the greatest common divisor of 11543 and q?
97
Let b = -306 + 381. What is the greatest common divisor of 120 and b?
15
Let y be (-1037)/(-6) + (-5)/6. Suppose -153*k + 157*k - y = 0. Calculate the greatest common divisor of 731 and k.
43
Let b(c) = -27*c + 526. Let h be b(18). What is the highest common divisor of h and 3220?
20
Let q = 77 - 77. Suppose 3*f - 4*f + 3 = q. Suppose -315 = -4*x + 3*a, 4*x = -f*a + 216 + 69. Calculate the highest common divisor of 25 and x.
25
Let b be (-36)/(-1*(-15)/(-30)). What is the highest common divisor of 567 and b?
9
Suppose -26*g + 386 = 74. Let d be ((-3)/(-4))/(1743/348 - 5). Suppose 5*a - 2*c = -5*c + 429, d = a + c. Calculate the greatest common divisor of g and a.
12
Suppose -d + 76*d - 2970 = 42*d. Suppose -j + 16 = -63. Let h = j - 43. What is the greatest common factor of d and h?
18
Suppose -635 = -52*t + 588 + 2521. What is the highest common divisor of 474 and t?
6
Let j = -765 + 780. Suppose 3*i - i = 6. Suppose 5*l - 21 = 3*l + i*y, 15 = -5*y. Calculate the highest common factor of l and j.
3
Suppose 18*b - 4*b = 15960. Let r be 34/(-51) - 3/((-27)/b). Let u = 1 - -13. Calculate the greatest common divisor of u and r.
14
Let b = 323 + 533. Suppose 5*v - 852 = 3*k, k - 5*k = -5*v + b. Calculate the highest 